6 - -93. Give z(r).
5
Let c(a) = -a + 8. Let s(q) = q - 1. Let y be 4 - (3 - (0 + 0)). Let h be s(y). Determine c(h).
8
Let a(h) = h**3 - 9*h**2 + 8*h + 6. Let l be (-74)/(-9) + (-24)/108. Calculate a(l).
6
Let r = 107 - 111. Let a(z) = 2*z + 1. Let j(u) = -2*u. Let v(p) = -6*a(p) - 5*j(p). Determine v(r).
2
Let t(q) = -8*q**2 - q. Suppose o - 2 = -0*o. Suppose 0 = o*c - 0*c + 2. Give t(c).
-7
Let t(a) = a + 4. Suppose 0 = -5*v + 5 + 5. Suppose j - 25 = 4*z, -3*j + v*j - 5*z - 11 = 0. Let h = 6 - j. Give t(h).
1
Let g = -7 - -7. Suppose g = -z + 5*z - 3*k + 3, -2*z + 1 = -k. Let c(r) = r**3 - 4*r**2 + 3*r. Give c(z).
0
Let s(m) be the first derivative of 2*m**3/3 - 13*m**2/2 - 7*m - 4. Let n(x) = -x**2 + 6*x + 3. Let w(c) = -9*n(c) - 4*s(c). Give w(3).
4
Let y(k) = k**3 + 4*k**2 - 6*k + 2. Let n(p) = p - 7. Let d be n(7). Let q = 2 - d. Let t be (5/3)/(q/(-6)). Determine y(t).
7
Let m(a) = a + 13. Suppose 0 = -3*g - 2*p - 38, 4*g - p + 5*p + 52 = 0. Calculate m(g).
1
Let a(f) = 6*f - 12. Let d(x) = -3*x + 6. Let o(s) = -4*a(s) - 9*d(s). Calculate o(5).
9
Let d(l) = -l**2 - 4*l + 5. Suppose 0 = g + 1 - 3. Suppose -h + 0 - 3 = 0. Let w = h - g. What is d(w)?
0
Let l = 19 + -3. Suppose -4*t = -5*t + 4, x - t = l. Let b be (-8)/x + 16/(-10). Let r(z) = z**3 + 4*z**2 + 2. Calculate r(b).
10
Let w = -9/2 - -29/6. Let b(o) be the third derivative of 2*o**2 + w*o**3 + 0 - 1/24*o**4 + 0*o. Give b(2).
0
Let s = -5 + -15. Let y = s - -29. Let b(q) = q - 5. Let w be b(y). Let z(a) = -a**3 + 4*a**2 + a - 2. What is z(w)?
2
Let o(x) = 4*x - 26. Let b(l) = 3*l - 17. Let i(g) = -8*b(g) + 5*o(g). Let w(p) = -6*p + 9. Let q(u) = 7*i(u) - 5*w(u). Suppose -h + 0 = -2. Determine q(h).
1
Let y(q) be the third derivative of q**7/2520 + q**6/80 + 3*q**5/40 + q**4/4 - 2*q**2. Let u(g) be the second derivative of y(g). What is u(-7)?
-5
Let n(d) = 4 - d**2 + d + 1 - 3. Let y(x) = -x**2 - 10*x - 25. Let o be y(-5). Determine n(o).
2
Let s = 6 - 4. Suppose -2*g + 5 = -s*j + 3, 2*j = -3*g - 7. Let q(z) = -3 - 1 + 6*z + 0 + 3. What is q(g)?
-7
Suppose -3*f + 8*f + 20 = 0. Let z(n) = 6*n**2 + 4*n + 2. Let l(v) = 5*v**2 + 4*v + 1. Let i(x) = f*z(x) + 5*l(x). Determine i(2).
9
Let n be 1 + 5 + (1 - 3). Suppose 9*a + 22 = 5*a - 3*p, n*a - 5*p = -6. Let i(s) be the second derivative of -s**3/6 + s. Calculate i(a).
4
Let t(p) = -6*p**2. Suppose -3*r + 5*f = 25, -2*f + 16 = -5*r + 6. Suppose r = 2*d + 4*c + 22, 2*d + 3*c + 19 = -2*d. Determine t(d).
-6
Let h(t) = -8*t**3 + t**2 - 1. Let c(i) = 2*i**3 + i**2 + i + 1. Let r be (8/16)/((-1)/2). Let b be c(r). Calculate h(b).
8
Let b(c) = -c - 6. Let m(r) = -2*r - 8. Let v be m(-4). Give b(v).
-6
Let t = 35 + -27. Let a(v) = -v**2 + 11*v - 9. Determine a(t).
15
Let g(b) = b**2 - 3*b - 8. Suppose 3*k - d - 24 = -4*d, k - 11 = -2*d. Let c be 20/k + 1 + 1. What is g(c)?
10
Suppose 5*a = -4*h + 3, -3*a - a - 2 = h. Let g(q) = 5*q - 4*q**h - 2*q + q**3 + 0*q. Suppose 4*s - 3 = 2*d + 11, 4*s = -d + 5. Determine g(s).
-2
Let s(d) = 2*d - 1. Let w(x) = -x + 1. Let z(n) = -s(n) - 6*w(n). What is z(4)?
11
Let j(c) = -c**3 - c + 2. Let t be j(0). Let d(i) = i + 1. Let v be d(1). Let a(y) = -t*y**2 + 7*y**3 - 1 - 2 + 2*y + v. Calculate a(1).
6
Let q be ((-8)/(-12))/(-1)*-3. Let r(k) = 6*k**q + 5 + 85*k - 80*k - k**2 - k**3. Give r(6).
-1
Let x(r) be the second derivative of 3*r - 5/6*r**3 + 1/12*r**4 + 5/2*r**2 + 0. What is x(4)?
1
Let z(r) = -197*r + 102*r + 6 + 98*r. Determine z(-4).
-6
Let g(u) = u**2 + 7*u + 5. Let q be (-9)/((-25)/(-10) + -1). Give g(q).
-1
Let s(w) = -28*w**2 - 4*w + 1 - w + 27*w**2. What is s(-4)?
5
Suppose 0 = -b, 0 = 3*h + 3*b - b + 18. Let a(o) = 16*o**3 - 3 - 5*o**2 + 11*o**2 - 15*o**3. Give a(h).
-3
Let u = 8 - 4. Suppose 5*m - f + 2*f - 17 = 0, -3*f = u*m - 7. Let y(o) = o - 2. Calculate y(m).
2
Suppose 2*c + 44 = 3*h + 11, 2*c + 5*h + 25 = 0. Let g = c - -16. Let p(u) be the third derivative of -u**6/30 + u**5/30 - u**4/24 + 2*u**2. What is p(g)?
-3
Let a(y) = -2*y - 3. Let d(i) = -5*i - 8. Let n(z) = -8*a(z) + 3*d(z). Give n(6).
6
Let d(u) = -3*u**2 + 12*u - 12. Let f = -2 - -7. Let y(g) = -3*g**2 + 16*g - 18 - 2*g**2 + 2*g. Let a(q) = f*y(q) - 8*d(q). Calculate a(-5).
11
Let p be 6/4*16/((-64)/(-8)). Let u(r) be the third derivative of -1/60*r**5 + 0 + 2/3*r**p - 3*r**2 + 1/24*r**4 + 0*r. Give u(3).
-2
Let o(x) = x**3 - 5*x**2 + 4*x - 2. Let c = -12 - -14. Let d = 4 + -2. Let l = d + c. Determine o(l).
-2
Let n be (-4)/(-30) - (-893)/(-285). Let q be 0 + (-1 - -5 - 1). Let g(j) = -j**q - 3 - j**2 - 3*j - 1 - 3*j**2. Determine g(n).
-4
Let l(s) = -5*s**2 + 12*s - 5. Let z(f) = -5*f**2 - 9 + 6 + 6*f - f**2 + 3*f**2. Let w(q) = -4*l(q) + 7*z(q). Give w(-5).
4
Let v(x) be the first derivative of -2*x**2 - x - 23. What is v(4)?
-17
Let q(x) = 14*x**3 - 16*x**3 + 8*x**3. Suppose -3 + 1 = -2*d. What is q(d)?
6
Let m(q) be the third derivative of 7*q**4/24 - q**3/6 + 7*q**2. What is m(1)?
6
Let v = 5 - 9. Let p be (v/4)/(-1*1). Let t(m) = m + 5 - p - 5. What is t(-3)?
-4
Let k(g) = 3*g - 7. Let f be k(3). Suppose 0 = -p - f*p. Let o(l) = -l**3 - l**2 + l + 4. Calculate o(p).
4
Let f = -3 + 7. Let g(h) be the first derivative of -1 + 5*h + 3 - h**2 + 0 - 4. Give g(f).
-3
Let b(n) be the first derivative of -n**2/2 + 4*n + 24. Determine b(-4).
8
Let d be 6 - 1/(2/2). Let h(n) be the second derivative of -n**3/6 + 3*n**2 + 8*n. Give h(d).
1
Let i(h) = -2*h**3 + 3*h**2 + h - 2. Suppose 5*z = -n, 4*z + 25 = 4*n + 1. Suppose -2*a + n*a - 6 = 0. What is i(a)?
-4
Suppose 0 = -5*p + p + 3*w - 4, 0 = -4*p + 2*w. Let u(a) = 0 + 4*a - 3*a**2 + 2 + 4*a**p - 3. Calculate u(-4).
-1
Let t be 4*(-3 - 60/(-16)). Let m(d) = 12*d - 17*d - t + 3 - 1. Determine m(-2).
9
Suppose -3*o - 4*w + 28 = 0, -o = 2*w - 16 + 4. Let c(g) = -g**3 + 6*g**2 - 7*g + 5. Calculate c(o).
9
Let u(p) = 0 - p + 1 + 2 - 1. Give u(6).
-4
Let r(b) = -7*b. Let o(h) = -13*h + 1. Let v(f) = -6*o(f) + 11*r(f). What is v(3)?
-3
Let w(o) = o**3 - 5*o**2 - 4*o + 6. Let k(g) = -g**2 + 12*g + 33. Let i be k(14). What is w(i)?
-14
Suppose 2*b = -2*b + 20. Let o = -5 - -14. Suppose 0 = c - b*p - 12, c + p = -p - o. Let d(n) = n + 7. Give d(c).
4
Suppose -t + 2*d + 13 = -0, -2*d - 10 = 0. Let m(s) = -s**3 - 4*s**2 + 5*s + 2. Let b be m(-5). Let v(f) = -b*f - 4 - 5*f + f**t - 7*f**2 - 2*f**3. Give v(-6).
2
Let t(i) be the first derivative of -5*i**3/3 + 2*i**2 - 2*i + 1. Let x(l) = 14*l**2 - 12*l + 5. Let u(o) = 17*t(o) + 6*x(o). Determine u(-3).
-1
Suppose k = m + 5 - 4, -5*m = 3*k - 19. Let w(c) = 5*c + 0*c - 1 + 2 - k*c. Determine w(-2).
-3
Let b(i) = -i**3 - i**2 + i + 1. Let g be b(-1). Let n be (5 - 1)*(1 + g). Let h(k) = -k**3 + 3*k**2 + 5*k + 3. Calculate h(n).
7
Let c(f) be the second derivative of -f**3 + 0 + 3/2*f**2 + 2*f + 1/12*f**4. Determine c(5).
-2
Let l be ((-2)/(-4) - 1)*-4. Suppose -l*h + 3 = -5*h. Let b(k) = -k - 5*k + 3*k + 1. Give b(h).
4
Let s(p) be the second derivative of -p**4/12 + p**3/6 - 13*p. Determine s(1).
0
Let n be (-35)/6 - 2/12. Let v(t) = 3*t**3 - 17*t**2 - 4*t - 23. Let r(w) = -4*w**3 + 25*w**2 + 6*w + 34. Let p(l) = 5*r(l) + 7*v(l). What is p(n)?
-3
Let x = 13 - 12. Let q(t) = 4*t - 2*t - x - 8*t**3 - 2*t + 2*t**2. Determine q(1).
-7
Let j(g) be the second derivative of g**5/4 - g**2/2 + 3*g. Give j(-1).
-6
Suppose 3*w = 2*r + 22, -5*w + r + 21 + 11 = 0. Let n(g) = 5*g - 4 - 5 + w. What is n(3)?
12
Let z(o) be the second derivative of -o**5/20 - 2*o**4/3 - 4*o**3/3 - 17*o - 1. Determine z(-7).
7
Let h(l) = 2*l**2 + l + 3. Let n(b) = b**2 - 6*b - 24. Let y be n(9). What is h(y)?
24
Let x(a) = a - 2. Let y be x(-4). Let w(f) = -f**2 - 7*f - 3. What is w(y)?
3
Let k(q) = -q**3 - 8*q**2 - 8*q - 9. Let v = -27 - -20. Calculate k(v).
-2
Let s(d) = d**3 - d**2 - d - 8. Let g(k) = k**2 + 4*k - 5. Let j be g(-5). Suppose -m + 3 = j, 4 = x - m + 2*m. Let f be (x + (-4)/2)*0. Determine s(f).
-8
Let k(b) = -b**3 + 4*b - 3. Let j = 5 + -3. Let a be j/(-9) + (-40)/(-18). Calculate k(a).
-3
Let x be (2 - 2)*1/(-2). Let p(j) = x - 1 + 2*j - j. Let z = -4 - -5. Determine p(z).
0
Let i(p) be the third derivative of 0*p**3 - 1/10*p**5 - 5/24*p**4 + 0 + p**2 + 0*p - 1/120*p**6. Let t = -5 + 0. Determine i(t).
0
Let j(o) = -o**3 - 1 + 0 + 2*o**3 - o + 2*o*